e the prime factors of 31069127?
31069127
What are the prime factors of 529890?
2, 3, 5, 17, 1039
List the prime factors of 271321824.
2, 3, 19, 7829
What are the prime factors of 48226087?
7, 13, 529957
What are the prime factors of 90085079?
7, 173, 10627
What are the prime factors of 4025359365?
3, 5, 17, 1153, 13691
List the prime factors of 65688706.
2, 199, 165047
List the prime factors of 2518203398.
2, 193, 6523843
List the prime factors of 1738243163.
1738243163
List the prime factors of 19968600.
2, 3, 5, 23, 1447
What are the prime factors of 1159048722?
2, 3, 13, 14859599
List the prime factors of 187159458.
2, 3, 31193243
What are the prime factors of 113133227?
41, 113, 24419
List the prime factors of 924564012.
2, 3, 53, 457, 3181
What are the prime factors of 413139713?
7, 29, 359, 5669
What are the prime factors of 201297426?
2, 3, 11, 23, 132607
What are the prime factors of 66989224?
2, 61, 137273
What are the prime factors of 274474870?
2, 5, 23, 1193369
List the prime factors of 5507701878.
2, 3, 7, 131135759
List the prime factors of 11329964.
2, 2832491
What are the prime factors of 2466459248?
2, 11, 1237, 11329
What are the prime factors of 155249897?
11, 823, 1559
What are the prime factors of 30165831?
3, 1117253
List the prime factors of 55523376.
2, 3, 385579
List the prime factors of 205092308.
2, 19, 2698583
What are the prime factors of 601961962?
2, 7, 6142469
What are the prime factors of 46957700?
2, 5, 47, 97, 103
What are the prime factors of 54232950?
2, 3, 5, 31, 107, 109
What are the prime factors of 85288526?
2, 3541, 12043
List the prime factors of 25052460.
2, 3, 5, 417541
What are the prime factors of 37766281?
7, 19, 283957
List the prime factors of 4091714738.
2, 31, 65995399
List the prime factors of 949023617.
949023617
List the prime factors of 5082555333.
3, 1694185111
List the prime factors of 149988107.
3257, 46051
What are the prime factors of 224903211?
3, 13, 5766749
List the prime factors of 781629009.
3, 7, 17, 31, 70627
List the prime factors of 6015315104.
2, 187978597
What are the prime factors of 6292284646?
2, 3146142323
What are the prime factors of 950534008?
2, 1093, 108707
What are the prime factors of 1558592810?
2, 5, 17, 37, 181
What are the prime factors of 1446697273?
7, 206671039
What are the prime factors of 98697718?
2, 7, 251, 28087
What are the prime factors of 1207397615?
5, 10133, 23831
List the prime factors of 111924428.
2, 7, 11, 51913
What are the prime factors of 51572500?
2, 5, 7, 421
What are the prime factors of 42766338?
2, 3, 23, 43, 7207
What are the prime factors of 830393830?
2, 5, 7, 29, 107, 3823
List the prime factors of 111793015.
5, 22358603
What are the prime factors of 105457417?
13, 8112109
What are the prime factors of 9163884?
2, 3, 17, 29, 1549
List the prime factors of 327621091.
7, 29, 347, 4651
List the prime factors of 72310885.
5, 14462177
What are the prime factors of 1489774254?
2, 3, 29, 31, 276191
What are the prime factors of 5072888037?
3, 7, 241566097
List the prime factors of 202908427.
193, 229, 4591
What are the prime factors of 1010530521?
3, 7, 11, 13, 223, 503
What are the prime factors of 3598525556?
2, 41, 3499, 6271
List the prime factors of 99088961.
99088961
List the prime factors of 2824959521.
23, 122824327
List the prime factors of 40546130.
2, 5, 41, 98893
What are the prime factors of 5595719653?
137, 229, 178361
List the prime factors of 112019503.
41, 2732183
What are the prime factors of 13603884?
2, 3, 7, 71, 2281
What are the prime factors of 49792912?
2, 13, 239389
List the prime factors of 4235637472.
2, 11, 19, 181, 3499
What are the prime factors of 665663653?
227, 2932439
What are the prime factors of 258612592?
2, 7, 329863
What are the prime factors of 7567185924?
2, 3, 43, 4888363
List the prime factors of 713314335.
3, 5, 47554289
List the prime factors of 81034552.
2, 743, 13633
What are the prime factors of 160161820?
2, 5, 7, 13, 88001
List the prime factors of 22752694.
2, 107, 106321
List the prime factors of 21924173.
21924173
List the prime factors of 3870805028.
2, 79, 12249383
List the prime factors of 87494019.
3, 17, 1715569
What are the prime factors of 55557147?
3, 18519049
List the prime factors of 50281756.
2, 7, 1795777
What are the prime factors of 261941710?
2, 5, 23, 59, 97, 199
List the prime factors of 28084040.
2, 5, 702101
List the prime factors of 174296266.
2, 59, 1477087
List the prime factors of 148070095.
5, 79, 557, 673
What are the prime factors of 30751711?
30751711
What are the prime factors of 49201312?
2, 41, 37501
What are the prime factors of 426486143?
426486143
What are the prime factors of 158800935?
3, 5, 43, 246203
What are the prime factors of 777248105?
5, 19, 83, 98573
What are the prime factors of 138720649?
61, 2274109
What are the prime factors of 74768841?
3, 7, 1186807
What are the prime factors of 886250667?
3, 295416889
List the prime factors of 6183679296.
2, 3, 907, 35509
What are the prime factors of 11291916?
2, 3, 940993
What are the prime factors of 642307398?
2, 3, 271, 395023
What are the prime factors of 1984519733?
7, 19, 14921201
What are the prime factors of 32092448?
2, 43, 83, 281
What are the prime factors of 155612369?
11, 1201, 11779
List the prime factors of 58665157.
23, 2550659
What are the prime factors of 10098574?
2, 5049287
List the prime factors of 113520794.
2, 107, 263, 2017
What are the prime factors of 351688676?
2, 23, 31, 317, 389
What are the prime factors of 196646785?
5, 953, 41269
List the prime factors of 888646889.
13, 68357453
What are the prime factors of 268531207?
7, 31, 1237471
What are the prime factors of 60442884?
2, 3, 151, 11119
What are the prime factors of 38170595?
5, 7634119
List the prime factors of 5165086676.
2, 17, 73, 79, 13171
What are the prime factors of 1637517418?
2, 17, 179, 269063
List the prime factors of 4238909461.
47, 4219, 21377
What are the prime factors of 88636732?
2, 283, 78301
What are the prime factors of 343049706?
2, 3, 41, 71, 6547
What are the prime factors of 38890866?
2, 3, 7, 17, 54469
List the prime factors of 3461635181.
31, 111665651
What are the prime factors of 21782521?
41, 531281
List the prime factors of 240177573.
3, 26686397
List the prime factors of 18708890.
2, 5, 23, 81343
What are the prime factors of 173764151?
11, 97, 162853
List the prime factors of 2485297104.
2, 3, 37, 653, 2143
What are the prime factors of 230973515?
5, 46194703
What are the prime factors of 56307059?
23, 2448133
What are the prime factors of 1980186593?
7, 11, 19, 43, 31477
List the prime factors of 130920885.
3, 5, 2909353
What are the prime factors of 217217068?
2, 54304267
What are the prime factors of 287556253?
287556253
What are the prime factors of 27491368?
2, 79, 43499
What are the prime factors of 1608920282?
2, 2939, 273719
List the prime factors of 164013442.
2, 1907, 43003
List the prime factors of 19249564.
2, 1787, 2693
What are the prime factors of 444767979?
3, 19, 263, 29669
What are the prime factors of 611163530?
2, 5, 61116353
What are the prime factors of 5343129389?
13, 29, 41, 43, 8039
List the prime factors of 249427513.
367, 679639
List the prime factors of 1000469832.
2, 3, 41686243
List the prime factors of 449947989.
3, 1031, 48491
What are the prime factors of 483957946?
2, 53, 4565641
What are the prime factors of 63449481?
3, 239, 88493
What are the prime factors of 58765880?
2, 5, 1469147
What are the prime factors of 31421667?
3, 727, 14407
List the prime factors of 306448142.
2, 7, 11, 13, 153071
What are the prime factors of 3123169992?
2, 3, 19, 2283019
What are the prime factors of 135964649?
135964649
What are the prime factors of 66617777?
79, 421, 2003
What are the prime factors of 535369382?
2, 267684691
What are the prime factors of 126746563?
113, 1121651
What are the prime factors of 172162457?
47, 3663031
What are the prime factors of 68660521?
103, 666607
What are the prime factors of 34802764?
2, 2083, 4177
List the prime factors of 1197371469.
3, 7, 19, 3000931
What are the prime factors of 1368207888?
2, 3, 619, 46049
List the prime factors of 308779323.
3, 41, 2510401
List the prime factors of 471378124.
2, 7, 16834933
List the p